{"id":264,"date":"2018-06-06T21:01:00","date_gmt":"2018-06-06T19:01:00","guid":{"rendered":"http:\/\/autyzmwejherowo.pl\/?page_id=264"},"modified":"2023-12-04T17:54:14","modified_gmt":"2023-12-04T16:54:14","slug":"sprawozdania","status":"publish","type":"page","link":"https:\/\/autyzmwejherowo.pl\/?page_id=264","title":{"rendered":"Sprawozdania"},"content":{"rendered":"<p>Od 2020 roku sprawozdania dost\u0119pne pod adresem:<br \/>\n<a href=\"https:\/\/sprawozdaniaopp.niw.gov.pl\">https:\/\/sprawozdaniaopp.niw.gov.pl<\/a><\/p>\n<p><strong>2019<\/strong><br \/>\n<a href=\"https:\/\/autyzmwejherowo.pl\/wp-content\/uploads\/2021\/01\/Sprawozdanie-merytoryczne_7374.pdf\">Sprawozdanie Merytoryczne 2019<\/a><\/p>\n<p><a href=\"https:\/\/autyzmwejherowo.pl\/wp-content\/uploads\/2019\/12\/Wprowadzenie-do-sprawozdania-finansowego_9528.pdf\">Wprowadzenie do sprawozdania finansowego za rok 2019<\/a><\/p>\n<p><a href=\"https:\/\/autyzmwejherowo.pl\/wp-content\/uploads\/2019\/12\/Bilans_9528.pdf\">Bilans za rok 2019<\/a><\/p>\n<p><a href=\"https:\/\/autyzmwejherowo.pl\/wp-content\/uploads\/2021\/01\/Rachunek-zyskow-i-strat_20783.pdf\">Rachunek zysk\u00f3w i strat (wariant por\u00f3wnawczy) za rok 2019<\/a><\/p>\n<p><a href=\"https:\/\/autyzmwejherowo.pl\/wp-content\/uploads\/2019\/12\/Informacja-dodatkowa_9529.pdf\">Dodatkowe informacje i obja\u015bnienia za rok 2019<\/a><\/p>\n<p><strong>2018<\/strong><br \/>\n<a href=\"https:\/\/autyzmwejherowo.pl\/wp-content\/uploads\/2019\/12\/Sprawozdanie-merytoryczne_1388.pdf\">Sprawozdanie Merytoryczne 2018<\/a><\/p>\n<p><a href=\"https:\/\/autyzmwejherowo.pl\/wp-content\/uploads\/2019\/12\/Wprowadzenie-do-sprawozdania-finansowego_9528.pdf\">Wprowadzenie do sprawozdania finansowego za rok 2018<\/a><\/p>\n<p><a href=\"https:\/\/autyzmwejherowo.pl\/wp-content\/uploads\/2019\/12\/Bilans_9528.pdf\">Bilans za rok 2018<\/a><\/p>\n<p><a href=\"https:\/\/autyzmwejherowo.pl\/wp-content\/uploads\/2019\/12\/Rachunek-zysk\u00f3w-i-strat_9528.pdf\">Rachunek zysk\u00f3w i strat (wariant por\u00f3wnawczy) za rok 2018<\/a><\/p>\n<p><a href=\"https:\/\/autyzmwejherowo.pl\/wp-content\/uploads\/2019\/12\/Informacja-dodatkowa_9529.pdf\">Dodatkowe informacje i obja\u015bnienia za rok 2018<\/a><\/p>\n<p><strong>2017<\/strong><\/p>\n<p><a href=\"http:\/\/autyzmwejherowo.pl\/wp-content\/uploads\/2018\/07\/Sprawozdanie-Merytoryczne-2017.pdf\">Sprawozdanie Merytoryczne 2017<\/a><\/p>\n<p><a href=\"http:\/\/autyzmwejherowo.pl\/wp-content\/uploads\/2018\/07\/Wprowadzenie-do-sprawozdania-finansowego-za-rok-2017.pdf\">Wprowadzenie do sprawozdania finansowego za rok 2017<\/a><\/p>\n<p><a href=\"http:\/\/autyzmwejherowo.pl\/wp-content\/uploads\/2018\/07\/Bilans-szczeg\u00f3\u0142owy-za-rok-2017-.pdf\">Bilans szczeg\u00f3\u0142owy za rok 2017<\/a><\/p>\n<p><a href=\"http:\/\/autyzmwejherowo.pl\/wp-content\/uploads\/2018\/07\/Rachunek-zysk\u00f3w-i-strat-wariant-por\u00f3wnawczy-za-rok-2017-.pdf\">Rachunek zysk\u00f3w i strat (wariant por\u00f3wnawczy) za rok 2017<\/a><\/p>\n<p><a href=\"http:\/\/autyzmwejherowo.pl\/wp-content\/uploads\/2018\/07\/Dodatkowe-informacje-i-obja\u015bnienia-za-rok-2017-.pdf\">Dodatkowe informacje i obja\u015bnienia za rok 2017<\/a><\/p>\n","protected":false},"excerpt":{"rendered":"<p>Od 2020 roku sprawozdania dost\u0119pne pod adresem: https:\/\/sprawozdaniaopp.niw.gov.pl 2019 Sprawozdanie Merytoryczne 2019 Wprowadzenie do sprawozdania finansowego za rok 2019 Bilans za rok 2019 Rachunek zysk\u00f3w i strat (wariant por\u00f3wnawczy) za rok 2019 Dodatkowe informacje i obja\u015bnienia za rok 2019 2018 Sprawozdanie Merytoryczne 2018 Wprowadzenie do sprawozdania finansowego za rok 2018 Bilans za rok 2018 Rachunek [&hellip;]<\/p>\n","protected":false},"author":1,"featured_media":0,"parent":0,"menu_order":0,"comment_status":"closed","ping_status":"closed","template":"","meta":{"footnotes":""},"class_list":["post-264","page","type-page","status-publish","hentry"],"_links":{"self":[{"href":"https:\/\/autyzmwejherowo.pl\/index.php?rest_route=\/wp\/v2\/pages\/264","targetHints":{"allow":["GET"]}}],"collection":[{"href":"https:\/\/autyzmwejherowo.pl\/index.php?rest_route=\/wp\/v2\/pages"}],"about":[{"href":"https:\/\/autyzmwejherowo.pl\/index.php?rest_route=\/wp\/v2\/types\/page"}],"author":[{"embeddable":true,"href":"https:\/\/autyzmwejherowo.pl\/index.php?rest_route=\/wp\/v2\/users\/1"}],"replies":[{"embeddable":true,"href":"https:\/\/autyzmwejherowo.pl\/index.php?rest_route=%2Fwp%2Fv2%2Fcomments&post=264"}],"version-history":[{"count":11,"href":"https:\/\/autyzmwejherowo.pl\/index.php?rest_route=\/wp\/v2\/pages\/264\/revisions"}],"predecessor-version":[{"id":661,"href":"https:\/\/autyzmwejherowo.pl\/index.php?rest_route=\/wp\/v2\/pages\/264\/revisions\/661"}],"wp:attachment":[{"href":"https:\/\/autyzmwejherowo.pl\/index.php?rest_route=%2Fwp%2Fv2%2Fmedia&parent=264"}],"curies":[{"name":"wp","href":"https:\/\/api.w.org\/{rel}","templated":true}]}}