{"id":372,"date":"2018-08-24T22:09:29","date_gmt":"2018-08-24T20:09:29","guid":{"rendered":"http:\/\/autyzmwejherowo.pl\/?page_id=372"},"modified":"2018-08-24T23:24:03","modified_gmt":"2018-08-24T21:24:03","slug":"rodo-2","status":"publish","type":"page","link":"https:\/\/autyzmwejherowo.pl\/?page_id=372","title":{"rendered":"RODO"},"content":{"rendered":"<p>PROCEDURY WDRO\u017bENIA RODO W WEJHEROWSKIM<br \/>\nSTOWARZYSZENIU NA RZECZ OS\u00d3B Z AUTYZMEM<\/p>\n<p>RODO- czyli europejskie og\u00f3lne rozporz\u0105dzenie o ochronie danych osobowych. Nazwa<br \/>\npe\u0142na: Rozporz\u0105dzenie Parlamentu Europejskiego i Rady UE 2016\/679 z dnia 27 kwietnia 2016<br \/>\nr. w sprawie ochrony os\u00f3b fizycznych w zwi\u0105zku z przetwarzaniem danych osobowych i w<br \/>\nsprawie swobodnego przep\u0142ywu takich danych oraz uchylenia dyrektywy 95\/46\/WE &#8211; og\u00f3lne<br \/>\nrozporz\u0105dzenie o ochronie danych.<br \/>\nLink do ustawy dotycz\u0105cej RODO:<br \/>\nhttp:\/\/prawo.sejm.gov.pl\/isap.nsf\/download.xsp\/WDU20180001000\/T\/D20181000L.pdf<\/p>\n<p><strong>2. Poj\u0119cia dotycz\u0105ce administratora oraz podmiotu przetwarzaj\u0105cego dane<\/strong><br \/>\n<strong>osobowe:<\/strong><br \/>\n\u2022 Administrator danych osobowych jest to podmiot, kt\u00f3ry decyduje o zbieraniu<br \/>\ndanych osobowych \u2013 czyje dane zbiera, w jakim celu. W przypadku organizacji<br \/>\npozarz\u0105dowych poj\u0119cie administratora danych osobowych odnosi si\u0119 zazwyczaj<br \/>\ndo organizacji jako ca\u0142ego podmiotu (stowarzyszenia, fundacji). Nie jest to<br \/>\nkonkretna osoba fizyczna, kt\u00f3ra jest odpowiedzialna za przetwarzanie danych w<br \/>\norganizacji, tylko ca\u0142a organizacja.<br \/>\n\u2022 Podmiot przetwarzaj\u0105cy dane osobowe. Definicja odbiorcy jest wskazana w<br \/>\nart. 4 ust. 9 RODO.(mo\u017cna te\u017c spotka\u0107 si\u0119 z okre\u015bleniem \u201eprocesor\u201d) &#8211; to podmiot<br \/>\nprzetwarzaj\u0105cy dane w imieniu administratora (to np. firma ewaluacyjna, kt\u00f3ra<br \/>\notrzymuje dane beneficjent\u00f3w projekt\u00f3w od administratora \u2013 organizacji, kt\u00f3ra<br \/>\nrealizowa\u0142a projekt). W niekt\u00f3rych projektach organizacje pozarz\u0105dowe mog\u0105 by\u0107<br \/>\npodmiotami przetwarzaj\u0105cymi dane na zlecenie instytucji zlecaj\u0105cej wykonanie<br \/>\nzadania publicznego &#8211; wtedy to ta instytucja ustala zakres i cele zbierania danych<br \/>\nosobowych (bardzo cz\u0119sto tak si\u0119 dzieje np. przy realizacji projekt\u00f3w<br \/>\ndofinansowanych przez PFRON).<br \/>\n<em><strong>Administratorem danych osobowych jest Wejherowskie Stowarzyszenie na<\/strong><\/em><br \/>\n<em><strong>rzecz Os\u00f3b z Autyzmem z siedzib\u0105 w Wejherowie przy ulicy J.III Sobieskiego 279 zarejestrowany \u00a0w KRS 0000498752<\/strong><\/em><\/p>\n<p>Przetwarzanie danych osobowych w stowarzyszeniu dotyczy: danych personalnych a tak\u017ce wizerunku cz\u0142onka\u00a0 lub podopiecznego stowarzyszenia. Dane te b\u0119d\u0105 przetwarzane z tytu\u0142u posiadania cz\u0142onkowstwa\u00a0 w Wejherowskim Stowarzyszeniu na rzecz Os\u00f3b z Autyzmem, a tak\u017ce udzia\u0142u w projektach i przedsi\u0119wzi\u0119ciach, kt\u00f3rych autorem jest Stowarzyszenie.<\/p>\n<p>Przepisy RODO maj\u0105 zastosowanie w stowarzyszeniu do przetwarzania danych<br \/>\nosobowych i dotycz\u0105:<\/p>\n<p>\u2022 cz\u0142onk\u00f3w stowarzyszenia,<br \/>\n\u2022 podopiecznych,<br \/>\n\u2022 wolontariuszy,<br \/>\n\u2022 pracownik\u00f3w i wsp\u00f3\u0142pracownik\u00f3w,<br \/>\n\u2022 darczy\u0144c\u00f3w,<br \/>\n\u2022 u\u017cytkownik\u00f3w serwisu internetowego,<br \/>\n\u2022 beneficjent\u00f3w projekt\u00f3w,<br \/>\n\u2022 uczestnik\u00f3w szkole\u0144.<\/p>\n<p><strong>3. Odbiorcy danych osobowych.<\/strong><\/p>\n<p>3.a Definicja odbiorcy jest wskazana w art. 4 ust. 9 o RODO.<br \/>\n3.b Udost\u0119pnianie danych przez administratora<br \/>\ndla podmiot\u00f3w.<\/p>\n<p>Dane osobowe mog\u0105 by\u0107 udost\u0119pnione dla podmiot\u00f3w na podstawie przepis\u00f3w prawa,<br \/>\nw zakresie niezb\u0119dnym do wykonywania przez te podmioty ich zada\u0144, szczeg\u00f3lno\u015bci nadzoru i<br \/>\nkontroli przep\u0142ywy danych.<br \/>\nDane osobowe mog\u0105 by\u0107 przekazywane tak\u017ce podmiotom przetwarzaj\u0105cym dane osobowe na<br \/>\nzlecenie administratora m.in., dostawcom us\u0142ug IT oraz podmiotom przetwarzaj\u0105cym nale\u017c\u0105cym<br \/>\ndo grupy podwykonawc\u00f3w &#8211; przy czym takie podmioty przetwarzaj\u0105 dane na podstawie umowy<br \/>\nz administratorem i wy\u0142\u0105cznie zgodnie z poleceniami administratora.<br \/>\n<strong>\u00a0Do odbiorc\u00f3w danych osobowych stowarzyszenia mo\u017cna zaliczy\u0107:<\/strong><br \/>\n\u2022 Urz\u0119dy: samorz\u0105dowe\/wojew\u00f3dzkie\/pa\u0144stwowe,<br \/>\n\u2022 PFRON,<br \/>\n\u2022 wykonawcy zleconych zada\u0144,<br \/>\n\u2022 wykonawcy szkole\u0144,<br \/>\n\u2022 dostawcom us\u0142ug IT.<\/p>\n<p><strong>4. Prawa os\u00f3b, kt\u00f3rych dotyczy przetwarzanie danych osobowych:<\/strong><\/p>\n<p>\u2022 Dost\u0119p do danych osobowych zgodnie z ustaw\u0105 o RODO art.15 jest reailizowane przez<br \/>\nadministratora poprzez potwierdzenie, \u017ce przetwarzane s\u0105 dane osobowe.<br \/>\n\u2022\u00a0Sprostowania danych osobowych \u2013 prawo to powinno by\u0107 realizowane przez \u017c\u0105dania od<br \/>\nadministratora niezw\u0142ocznego sprostowania danych osobowych, kt\u00f3re s\u0105 nieprawid\u0142owe<br \/>\nb\u0105d\u017a niekompletne.<br \/>\n\u2022 Usuni\u0119cia danych osobowych zgodnie z art.17 o RODO, osoba ma prawo do realizacji<br \/>\npoprzez \u017c\u0105danie od administratora niezw\u0142ocznego usuni\u0119cia danych osobowych, oraz<br \/>\nspe\u0142nienia przes\u0142anek okre\u015blonych w art. 17 RODO [prawo do bycia zapomnianym], m.in.<br \/>\ndane osobowe nie s\u0105 ju\u017c niezb\u0119dne do cel\u00f3w, w kt\u00f3rych zosta\u0142y zebrane.<\/p>\n<p>\u2022 Prawo do usuni\u0119cia danych mo\u017ce zosta\u0107 ograniczone ze wzgl\u0119du na obowi\u0105zki administratora<br \/>\nwynikaj\u0105ce z obowi\u0105zuj\u0105cych przepis\u00f3w prawa.<br \/>\n\u2022\u00a0Ograniczenie przetwarzania danych osobowych zgodnie z art18, wskazuje ograniczenie<br \/>\nprzetwarzania ze wzgl\u0119du na obowi\u0105zki administratora danych zwi\u0105zane z<br \/>\nprowadzeniem dokumentacji medycznej.<br \/>\n\u2022 Osoba kt\u00f3rej dane s\u0105 przetwarzane ma prawo do wniesienia sprzeciwu wobec<br \/>\nprzetwarzania danych osobowych.<br \/>\n\u2022\u00a0Osoba kt\u00f3rej dane s\u0105 przetwarzane ma prawo wniesienia skargi do organu nadzorczego<br \/>\nzajmuj\u0105cego si\u0119 ochron\u0105 danych osobowych.<\/p>\n<p class=\"font_8\">5.\u00a0 Przechowywanie danych osobowych na potrzeby u\u017cytkowania przez stowarzyszenie.<\/p>\n<p>Dane cz\u0142onk\u00f3w stowarzyszenia b\u0119d\u0105 w u\u017cyciu oraz przetwarzane przez pe\u0142en okres\u00a0 dzia\u0142alno\u015bci cz\u0142onkowskiej. Na potrzeby: projekt\u00f3w, rozlicze\u0144: projekt\u00f3w, spraw zwi\u0105zanych z ksi\u0119gowo\u015bci\u0105 lub rozlicze\u0144 podatkowych, przetwarzane dane b\u0119d\u0105 przez okres 5 lat od ko\u0144ca roku kalendarzowego, w kt\u00f3rym istnieje obowi\u0105zek podatkowy. Dane s\u0142u\u017c\u0105ce s\u0142u\u017c\u0105ce do dochodzenia roszcze\u0144 b\u0119d\u0105 przetwarzane przez okres przedawnienia tych roszcze\u0144 zgodnie z przepisami kodeksu cywilnego.<\/p>\n<p>&nbsp;<\/p>\n","protected":false},"excerpt":{"rendered":"<p>PROCEDURY WDRO\u017bENIA RODO W WEJHEROWSKIM STOWARZYSZENIU NA RZECZ OS\u00d3B Z AUTYZMEM RODO- czyli europejskie og\u00f3lne rozporz\u0105dzenie o ochronie danych osobowych. Nazwa pe\u0142na: Rozporz\u0105dzenie Parlamentu Europejskiego i Rady UE 2016\/679 z dnia 27 kwietnia 2016 r. w sprawie ochrony os\u00f3b fizycznych w zwi\u0105zku z przetwarzaniem danych osobowych i w sprawie swobodnego przep\u0142ywu takich danych oraz uchylenia [&hellip;]<\/p>\n","protected":false},"author":1,"featured_media":0,"parent":0,"menu_order":0,"comment_status":"closed","ping_status":"closed","template":"","meta":{"footnotes":""},"class_list":["post-372","page","type-page","status-publish","hentry"],"_links":{"self":[{"href":"https:\/\/autyzmwejherowo.pl\/index.php?rest_route=\/wp\/v2\/pages\/372","targetHints":{"allow":["GET"]}}],"collection":[{"href":"https:\/\/autyzmwejherowo.pl\/index.php?rest_route=\/wp\/v2\/pages"}],"about":[{"href":"https:\/\/autyzmwejherowo.pl\/index.php?rest_route=\/wp\/v2\/types\/page"}],"author":[{"embeddable":true,"href":"https:\/\/autyzmwejherowo.pl\/index.php?rest_route=\/wp\/v2\/users\/1"}],"replies":[{"embeddable":true,"href":"https:\/\/autyzmwejherowo.pl\/index.php?rest_route=%2Fwp%2Fv2%2Fcomments&post=372"}],"version-history":[{"count":6,"href":"https:\/\/autyzmwejherowo.pl\/index.php?rest_route=\/wp\/v2\/pages\/372\/revisions"}],"predecessor-version":[{"id":380,"href":"https:\/\/autyzmwejherowo.pl\/index.php?rest_route=\/wp\/v2\/pages\/372\/revisions\/380"}],"wp:attachment":[{"href":"https:\/\/autyzmwejherowo.pl\/index.php?rest_route=%2Fwp%2Fv2%2Fmedia&parent=372"}],"curies":[{"name":"wp","href":"https:\/\/api.w.org\/{rel}","templated":true}]}}