{"id":623,"date":"2022-10-27T00:16:49","date_gmt":"2022-10-26T22:16:49","guid":{"rendered":"https:\/\/autyzmwejherowo.pl\/?page_id=623"},"modified":"2022-12-30T23:22:31","modified_gmt":"2022-12-30T22:22:31","slug":"zadania-realizowane-z-budzetu-panstwa","status":"publish","type":"page","link":"https:\/\/autyzmwejherowo.pl\/?page_id=623","title":{"rendered":"Zadania realizowane z bud\u017cetu pa\u0144stwa"},"content":{"rendered":"<div id=\"fb-root\"><\/div>\n<script async defer crossorigin=\"anonymous\" src=\"https:\/\/connect.facebook.net\/pl_PL\/sdk.js#xfbml=1&#038;version=v15.0\" nonce=\"YXC0sYvV\"><\/script><div class=\"fb-post\" data-href=\"https:\/\/www.facebook.com\/autyzm.wejherowo\/posts\/pfbid02zp3U6RvoJVPVQ23VyXgfG6ZFaxpbMJThYMqFCeWNNJvgEjxzuzht5BnNedCkegHGl\" data-width=\"500\" data-show-text=\"true\"><blockquote cite=\"https:\/\/www.facebook.com\/autyzm.wejherowo\/posts\/152090417581060\" class=\"fb-xfbml-parse-ignore\"><p>Ostatnie tygodnie grudnia jeszcze 2022 ubieg\u0142y nam dosy\u0107 pracowicie m.in na  sprawozdaniu si\u0119 z wykonanych projekt\u00f3w&#8230;<\/p>Opublikowany przez <a href=\"https:\/\/www.facebook.com\/autyzm.wejherowo\">Autyzm Wejherowo<\/a>&nbsp;<a href=\"https:\/\/www.facebook.com\/autyzm.wejherowo\/posts\/152090417581060\">Pi\u0105tek, 30 grudnia 2022<\/a><\/blockquote><\/div><div id=\"fb-root\"><\/div>\n<script async=\"\" defer=\"\" crossorigin=\"anonymous\" src=\"https:\/\/connect.facebook.net\/pl_PL\/sdk.js#xfbml=1&amp;version=v15.0\" nonce=\"KgBtFUj5\"><\/script><div class=\"fb-post\" data-href=\"https:\/\/www.facebook.com\/autyzm.wejherowo\/posts\/135670032556432\" data-width=\"500\" data-show-text=\"true\"><blockquote cite=\"https:\/\/www.facebook.com\/autyzm.wejherowo\/posts\/135670032556432\" class=\"fb-xfbml-parse-ignore\"><p>Ostatni kwarta\u0142 roku w organizacjach pozarz\u0105dowych to zazwyczaj okres finalizowania powierzonych zada\u0144 publicznych&#8230;.<\/p>Opublikowany przez <a href=\"https:\/\/www.facebook.com\/autyzm.wejherowo\">Autyzm Wejherowo<\/a>&nbsp;<a href=\"https:\/\/www.facebook.com\/autyzm.wejherowo\/posts\/135670032556432\">Wtorek, 25 pa\u017adziernika 2022<\/a><\/blockquote><\/div>","protected":false},"excerpt":{"rendered":"<p>Ostatnie tygodnie grudnia jeszcze 2022 ubieg\u0142y nam dosy\u0107 pracowicie m.in na sprawozdaniu si\u0119 z wykonanych projekt\u00f3w&#8230; Opublikowany przez Autyzm Wejherowo&nbsp;Pi\u0105tek, 30 grudnia 2022 Ostatni kwarta\u0142 roku w organizacjach pozarz\u0105dowych to zazwyczaj okres finalizowania powierzonych zada\u0144 publicznych&#8230;. Opublikowany przez Autyzm Wejherowo&nbsp;Wtorek, 25 pa\u017adziernika 2022<\/p>\n","protected":false},"author":1,"featured_media":0,"parent":0,"menu_order":0,"comment_status":"closed","ping_status":"closed","template":"","meta":{"footnotes":""},"class_list":["post-623","page","type-page","status-publish","hentry"],"_links":{"self":[{"href":"https:\/\/autyzmwejherowo.pl\/index.php?rest_route=\/wp\/v2\/pages\/623","targetHints":{"allow":["GET"]}}],"collection":[{"href":"https:\/\/autyzmwejherowo.pl\/index.php?rest_route=\/wp\/v2\/pages"}],"about":[{"href":"https:\/\/autyzmwejherowo.pl\/index.php?rest_route=\/wp\/v2\/types\/page"}],"author":[{"embeddable":true,"href":"https:\/\/autyzmwejherowo.pl\/index.php?rest_route=\/wp\/v2\/users\/1"}],"replies":[{"embeddable":true,"href":"https:\/\/autyzmwejherowo.pl\/index.php?rest_route=%2Fwp%2Fv2%2Fcomments&post=623"}],"version-history":[{"count":4,"href":"https:\/\/autyzmwejherowo.pl\/index.php?rest_route=\/wp\/v2\/pages\/623\/revisions"}],"predecessor-version":[{"id":629,"href":"https:\/\/autyzmwejherowo.pl\/index.php?rest_route=\/wp\/v2\/pages\/623\/revisions\/629"}],"wp:attachment":[{"href":"https:\/\/autyzmwejherowo.pl\/index.php?rest_route=%2Fwp%2Fv2%2Fmedia&parent=623"}],"curies":[{"name":"wp","href":"https:\/\/api.w.org\/{rel}","templated":true}]}}